-112101002102
103333042 (base 5) to base 15
8d132
What is 134343112 (base 5) in base 2?
10101010110110000110
-33160654 (base 7) to base 10
-2855122
Convert -410314 (base 7) to base 11.
-48483
What is -20412230 (base 6) in base 8?
-2205632
What is 1311025 (base 7) in base 14?
46385
Convert -732d3 (base 14) to base 9.
-462858
-75b0b5 (base 13) to base 9
-5175423
Convert -314660 (base 8) to base 12.
-50840
Convert b299c (base 15) to base 5.
121101142
What is -174a6b4 (base 12) in base 14?
-8d9bcc
Convert c43899 (base 15) to base 4.
203211013131
-233202101 (base 4) to base 14
-50d57
Convert 20234212 (base 5) to base 6.
3311324
502463 (base 7) to base 10
84962
What is 5332503 (base 10) in base 16?
515e17
What is 126580 (base 10) in base 6?
2414004
Convert 117a2 (base 14) to base 13.
16568
What is -131133203 (base 4) in base 13?
-42ca7
Convert 10002101111 (base 3) to base 5.
3421130
-263882 (base 13) to base 9
-1654665
Convert -12646740 (base 9) to base 13.
-13a23cb
-250422420 (base 6) to base 13
-cba915
Convert -672162 (base 9) to base 6.
-12340132
110000100011100001010 (base 2) to base 14
2d5b86
24246063 (base 8) to base 3
101000200112111
Convert -10040121 (base 5) to base 2.
-10011101100010101
What is 514022511 (base 6) in base 8?
41650013
Convert -1001112002021001 (base 3) to base 11.
-8613109
What is -14983b (base 16) in base 10?
-1349691
Convert 343434143 (base 6) to base 2.
11000001010100000001111
Convert -155932 (base 12) to base 9.
-612212
Convert 3993a (base 15) to base 6.
3541214
Convert 4d1b6 (base 15) to base 14.
65d07
-1101110100000100000101 (base 2) to base 15
-4b7dd5
-748436 (base 10) to base 16
-b6b94
-857515 (base 9) to base 13
-14b601
-104074 (base 12) to base 4
-332131120
What is -110494 (base 10) in base 6?
-2211314
Convert 51676 (base 10) to base 12.
25aa4
What is 103444031 (base 5) in base 8?
1564630
What is 101010000000011010 (base 2) in base 7?
1314425
Convert 968578 (base 12) to base 4.
21010230230
1868711 (base 9) to base 14
1d4720
What is -11a5612 (base 11) in base 10?
-2086416
What is -831868 (base 9) in base 14?
-cbbd0
What is 14622441 (base 8) in base 9?
6267767
-307302 (base 8) to base 9
-165024
What is 2633641 (base 7) in base 10?
344695
Convert 1111032030 (base 4) to base 2.
1010101001110001100
Convert -1302022 (base 10) to base 9.
-2404031
Convert 140041 (base 8) to base 4.
30000201
-1111110110110010 (base 2) to base 9
-108072
1a4a55 (base 11) to base 10
314055
What is -41707070 (base 8) in base 3?
-121201100020110
What is 12130003112 (base 4) in base 12?
694872
-22143434 (base 5) to base 3
-100211121002
What is -4022 (base 13) in base 4?
-2021300
-c69 (base 16) to base 6
-22413
What is 4057563 (base 10) in base 8?
17364733
Convert -2270ba (base 15) to base 14.
-30b0a4
202201211022 (base 3) to base 12
178215
What is 26b003 (base 14) in base 7?
14234003
Convert -2c881 (base 14) to base 10.
-111441
What is 77300 (base 8) in base 7?
163413
What is -4470255 (base 9) in base 2?
-1001001011111010100011
Convert 1001873 (base 13) to base 15.
6563a2
Convert 120041056 (base 7) to base 12.
259b097
What is -759a4 (base 12) in base 11?
-a6682
Convert 10903563 (base 10) to base 13.
2349c18
What is -103400141 (base 5) in base 13?
-129acc
Convert -111101011110010101 (base 2) to base 12.
-101871
Convert -1072240 (base 8) to base 6.
-10131504
What is -1005254250 (base 6) in base 9?
-21400483
What is 3012520 (base 7) in base 14?
93bb7
Convert -2876324 (base 9) to base 10.
-1585840
Convert -430b03 (base 16) to base 4.
-100300230003
What is 6432423 (base 7) in base 14?
1649ba
Convert 11858 (base 12) to base 13.
aa1b
-310011103 (base 4) to base 6
-4323351
Convert -100001111111000110101100 (base 2) to base 4.
-201333012230
-13041151 (base 6) to base 16
-67d9b
Convert -50151505 (base 7) to base 11.
-238287a
What is -112201200102 (base 3) in base 5?
-33234120
What is -17cfa (base 16) in base 15?
-1dd70
What is 31130341 (base 7) in base 15?
3690e4
What is -24dda2 (base 14) in base 2?
-100110101011111011010
What is -22536466 (base 7) in base 10?
-1975924
1464788 (base 9) to base 16
c5e46
What is 111210112221022 (base 3) in base 7?
116220623
What is -1202645 (base 7) in base 14?
-3d6cc
Convert 67dc9 (base 15) to base 14.
88625
23353415 (base 6) to base 9
1332882
Convert -2039054 (base 10) to base 13.
-565154
271600 (base 14) to base 6
44522544
-34b52 (base 16) to base 11
-138224
Convert 110012204 (base 5) to base 13.
135a22
Convert -660650 (base 8) to base 9.
-366881
Convert 8ebe75 (base 16) to base 7.
142341446
Convert -1b3c095 (base 13) to base 2.
-100010011010111011100001
Convert -379238 (base 16) to base 3.
-20212000202122
What is 30461 (base 12) in base 11?
43253
What is -130332012012 (base 4) in base 8?
-34760606
11010100111101000011 (base 2) to base 4
3110331003
What is -5117714 (base 8) in base 7?
-14326415
What is b111d (base 16) in base 6?
23313433
What is 12111243 (base 5) in base 12?
556b7
What is 11554334 (base 6) in base 8?
1330322
47c11 (base 14) to base 8
526207
-104241042 (base 5) to base 14
-c0538
Convert -24122223 (base 5) to base 15.
-4630d
-1102433022 (base 5) to base 14
-462c94
What is 1034013134 (base 5) in base 9?
4210760
Convert 5535a (base 11) to base 8.
234640
What is 7573053 (base 9) in base 16?
3e0106
Convert 25242534 (base 8) to base 7.
65333316
What is 149064 (base 10) in base 2?
100100011001001000
What is 2293168 (base 10) in base 13?
623a07
Convert 3405312 (base 6) to base 14.
46acc
What is -34144020 (base 5) in base 16?
-49fa2
Convert -3ab025 (base 12) to base 2.
-11101101100001011101
Convert 21576 (base 9) to base 13.
669c
Convert 3349385 (base 12) to base 11.
5596552
Convert -2191275 (base 10) to base 6.
-114544443
Convert -38929 (base 13) to base 12.
-507a7
4429344 (base 11) to base 7
123030146
772365 (base 11) to base 13
342267
-13222120200 (base 4) to base 3
-10210001021220
-2730939 (base 11) to base 15
-6322dd
What is -11ec5d4 (base 15) in base 14?
-19db538
Convert 68a870 (base 13) to base 3.
11122222110020
Convert -111011101100101000000 (base 2) to base 12.
-7a4054
4246147 (base 9) to base 12
9183a4
Convert -221011201210211 (base 3) to base 6.
-1154432421
-910a5c (base 15) to base 14
-cb3d69
1003303330 (base 4) to base 5
32342011
-6e971 (base 16) to base 8
-1564561
Convert -1302b (base 15) to base 2.
-1110110101110111
Convert -45561 (base 12) to base 13.
-3307c
Convert 5d7774 (base 15) to base 3.
22102121211101
Convert 214044 (base 5) to base 9.
11131
37446 (base 14) to base 10
135302
What is 762036 (base 8) in base 9?
427720
What is aace7 (base 16) in base 12?
298a5b
What is 1020111210 (base 3) in base 12?
12179
What is 305677 (base 8) in base 11?
6a131
Convert 1201442332 (base 5) to base 11.
1619708
Convert 3a944 (base 11) to base 16.
e402
-116e4d (base 15) to base 2
-11001011011111000001
Convert 372931 (base 11) to base 9.
1087476
Convert 1311131 (base 4) to base 2.
1110101011101
Convert -bb0453 (base 12) to base 10.
-2965887
f109f (base 16) to base 14
1b9b31
Convert b700ba (base 12) to base 4.
22333232032
What is 1053122242 (base 6) in base 12?
3a89382
Convert -453a4a (base 11) to base 14.
-14b510
What is -173707 (base 13) in base 10?
-579001
-112345245 (base 6) to base 12
-845225
-1b24d (base 15) to base 2
-10101100011010001
What is 226315 (base 10) in base 15?
470ca
50001130 (base 7) to base 16
3ed670
What is 1365480 (base 10) in base 12?
55a260
Convert -47060 (base 9) to base 2.
-111101010101001
What is -15023440 (base 6) in base 2?
-1111110001000010000
-4721 (base 9) to base 7
-13132
Convert -38b54 (base 13) to base 6.
-2130551
354b79 (base 16) to base 4
31110231321
What is 10430225 (base 7) in base 11?
563827
Convert -10258b4 (base 14) to base 5.
-3422344224
Convert -7eb27 (base 16) to base 3.
-222100212102
10011000011011110 (base 2) to base 11
53701
What is -4334c (base 16) in base 10?
-275276
Convert -20102212021100 (base 3) to base 16.
-3437ac
What is 349463 (base 13) in base 9?
2312742
6501 (base 14) to base 5
1024240
Convert 100110101111010 (base 2) to base 7.
111553
1010001001010000010011 (base 2) to base 16
289413
Convert 3110303223 (base 4) to base 5.
210343114
-13420340 (base 7) to base 16
-130db7
What is 3003221200 (base 4) in base 14?
16c092
-67261 (base 8) to base 7
-145421
Co